{"id":13267,"date":"2022-06-03T02:31:23","date_gmt":"2022-06-03T06:31:23","guid":{"rendered":"https:\/\/sternbergnew.wpengine.com\/?page_id=13267"},"modified":"2022-11-25T09:28:28","modified_gmt":"2022-11-25T09:28:28","slug":"los-5-principales-errores-que-comete-la-gente-despues-de-sufrir-una-lesion-laboral","status":"publish","type":"page","link":"https:\/\/www.sternberglawoffice.com\/espanol\/los-5-principales-errores-que-comete-la-gente-despues-de-sufrir-una-lesion-laboral\/","title":{"rendered":"Los 5 Principales Errores que Comete la Gente Despu\u00e9s de Sufrir una Lesi\u00f3n Laboral"},"content":{"rendered":"<p>Todos los d\u00edas hay trabajadores que se lesionan en el trabajo. Sin embargo, incluso los trabajadores de sectores de alto riesgo no siempre saben qu\u00e9 hacer en estas situaciones.<\/p>\n<p>Si te encuentras en esta situaci\u00f3n, puede que te preguntes qu\u00e9 hacer. Sin embargo, tal vez no te des cuenta de que, si no das los pasos adecuados, puedes perjudicar tu capacidad de recuperar la indemnizaci\u00f3n.<\/p>\n<p>Una de las mejores cosas que puedes hacer despu\u00e9s de un accidente de trabajo es ponerte en contacto con nuestros<a href=\"https:\/\/www.sternberglawoffice.com\/west-palm-beach-work-injury-attorneys\/\"> abogados de lesiones laborales de West palmbeach<\/a> en Sternberg Forsythe, P.A. para discutir tu reclamaci\u00f3n. Podemos ayudarte a dar los pasos correctos y evitar algunos de los errores m\u00e1s comunes que se cometen en estos casos.<\/p>\n<p>Tambi\u00e9n es beneficioso saber cu\u00e1les son los errores m\u00e1s comunes.<\/p>\n<h2>1. No Informar de la Lesi\u00f3n a Tu Empleador Inmediatamente<\/h2>\n<p>El error m\u00e1s com\u00fan que cometen los trabajadores lesionados es no<a href=\"https:\/\/www.sternberglawoffice.com\/10-things-you-need-to-know-about-workers-compensation\/\"> informar a su empleador de inmediato<\/a>. Seg\u00fan la ley de Florida, debes informar de un accidente y una lesi\u00f3n en el lugar de trabajo en un plazo de 30 d\u00edas desde que se produce. Si una enfermedad ocupacional causa tu lesi\u00f3n, entonces tienes 90 d\u00edas desde el primer signo de la enfermedad.<\/p>\n<p>Hay algunas excepciones a esta regla; sin embargo, no vale la pena esperar. Si esperas demasiado, la aseguradora puede cuestionar si realmente te lesionaste en el trabajo o si la lesi\u00f3n es tan grave como dices.<\/p>\n<h2>2. No Hacer que su Lesi\u00f3n sea Evaluada y Documentada por un M\u00e9dico<\/h2>\n<p>Este error es como el anterior. Puedes pensar que puedes superar la lesi\u00f3n y evitar ir al m\u00e9dico. Puede que incluso te sientas ansioso o temeroso de ir al m\u00e9dico. El coste de la cita tambi\u00e9n puede ser un obst\u00e1culo.<\/p>\n<p>Sin embargo, si no buscas una evaluaci\u00f3n m\u00e9dica de la lesi\u00f3n, la compa\u00f1\u00eda de seguros puede alegar que no te has lesionado. Tambi\u00e9n pueden alegar que usted no sufri\u00f3 una lesi\u00f3n tan grave. Tener la documentaci\u00f3n m\u00e9dica de tu lesi\u00f3n, cuando ocurre, puede ayudar a probar que te lesionaste, la gravedad de la lesi\u00f3n, y ayudarte a recibir la compensaci\u00f3n que te corresponde.<\/p>\n<h2>3. No Revelar Accidentes de Trabajo Previos<\/h2>\n<p>Otro error que suelen cometer las personas que <a href=\"https:\/\/www.sternberglawoffice.com\/florida-workers-compensation-claims-process\/\">reclaman una indemnizaci\u00f3n por accidente de trabajo<\/a> es no revelar que han sufrido una lesi\u00f3n previa relacionada con el trabajo. Si alguna vez te has lesionado en el trabajo o si estuviste involucrado en un accidente laboral, es necesario revelar esta informaci\u00f3n.<\/p>\n<p>Si no informas de estas situaciones anteriores, puede considerarse fraudulento. Si esto ocurre, es muy probable que tu reclamaci\u00f3n actual sea denegada o desestimada.<\/p>\n<p>Al solicitar<a href=\"https:\/\/www.sternberglawoffice.com\/10-things-you-need-to-know-about-workers-compensation\/\"> beneficios de indemnizaci\u00f3n laboral<\/a> por un accidente de trabajo, es probable que te pregunten si has tenido accidentes laborales en el pasado o si te has lesionado en el trabajo. Al ser evaluado, es posible que te encuentres con la pregunta en un formulario de historial m\u00e9dico, y debes responder con sinceridad. El ajustador de reclamaciones o el gestor del caso tambi\u00e9n te preguntar\u00e1 sobre las lesiones propias en la mayor\u00eda de los casos. Ser honesto y revelar todas las lesiones anteriores relacionadas con el trabajo es una necesidad. Aunque pienses que esta informaci\u00f3n perjudicar\u00e1 tu reclamaci\u00f3n actual, el resultado probablemente ser\u00e1 peor si no la revelas.<\/p>\n<h2>4. No Recibir Tratamiento para Todas Tus Lesiones<\/h2>\n<p><a href=\"https:\/\/www.sternberglawoffice.com\/10-useful-tips-to-help-handle-your-work-injury\/\">Cuando te lesionas en el trabajo<\/a>, es posible que busques tratamiento m\u00e9dico. Sin embargo, un error que cometen algunos es no buscar tratamiento para todas sus lesiones.<\/p>\n<p>Un ejemplo ser\u00eda si te caes en el trabajo y sufres una hernia discal en la espalda. Es posible que en esta situaci\u00f3n tambi\u00e9n te duela la rodilla, pero est\u00e1s tan preocupado por tu lesi\u00f3n de espalda que no le dices al m\u00e9dico que te duele la rodilla. Varias semanas despu\u00e9s, una vez tratada la espalda, puede mejorar, pero la rodilla puede seguir doliendo. Finalmente, puedes descubrir que te has roto el ligamento LCA pero que nunca has recibido tratamiento para ello.<\/p>\n<p>En este tipo de situaciones, si no revelas todas tus lesiones, puede ser dif\u00edcil recibir una indemnizaci\u00f3n justa. Mientras que tu reclamo de indemnizaci\u00f3n laboral puede ser<a href=\"https:\/\/www.sternberglawoffice.com\/why-are-neck-and-back-injuries-so-common-after-an-accident\/\"> resuelto por tu lesi\u00f3n de espalda<\/a>, \u00bfqu\u00e9 pasa con la lesi\u00f3n de rodilla? Incluso en los casos en que la reclamaci\u00f3n est\u00e1 pendiente, tratar de a\u00f1adir otra lesi\u00f3n varias semanas o meses despu\u00e9s de tu reclamaci\u00f3n inicial no es algo que funcione bien. Por lo general, la compa\u00f1\u00eda de seguros impugnar\u00e1 la lesi\u00f3n, alegando que no se produjo en el trabajo. Incluso pueden acusarte de fraude. Para evitar esto, aseg\u00farate de revelar todas las lesiones, dolores y molestias en tu<a href=\"https:\/\/www.sternberglawoffice.com\/being-evaluated-for-workers-compensation-injuries\/\"> evaluaci\u00f3n m\u00e9dica inicial<\/a>.<\/p>\n<h2>5. No Volver al Trabajo Lo Suficientemente R\u00e1pido<\/h2>\n<p>Es importante que vuelvas a trabajar cuando puedas. Aunque tengas que trabajar por un salario inferior, si no aceptas la oferta de este puesto, puede considerarse una p\u00e9rdida voluntaria de ingresos. Si esto ocurre, no podr\u00e1s recuperar ning\u00fan <a href=\"https:\/\/www.sternberglawoffice.com\/what-are-my-benefits-options-as-an-injured-worker\/\">beneficio de indemnizaci\u00f3n adicional<\/a>. Y lo que es peor, tu empleador puede tener motivos para despedirte porque te niegas a trabajar.<\/p>\n<h2>Contacta a Nuestro Equipo para que te Ayuden con tu Reclamo de Indemnizaci\u00f3n Laboral<\/h2>\n<p>Si te encuentras en una situaci\u00f3n en la que te has lesionado en el trabajo y quieres asegurarte de no cometer los errores mencionados aqu\u00ed, aseg\u00farate de ponerte en contacto con nuestro equipo. En<a href=\"https:\/\/www.sternberglawoffice.com\/espanol\/\"> SternbergForsythe, P.A.<\/a>, podemos revisar tu situaci\u00f3n y asegurarnos de que recibas la compensaci\u00f3n que mereces.Tambi\u00e9n te ayudaremos a evitar algunos de los <a href=\"https:\/\/www.sternberglawoffice.com\/common-deposition-mistakes-to-avoid-in-workers-compensation-cases\/\">errores m\u00e1s comunes<\/a>que la gente comete en estas situaciones para proteger tus derechos.<\/p>\n","protected":false},"excerpt":{"rendered":"<p>Todos los d\u00edas hay trabajadores que se lesionan en el trabajo. Sin embargo, incluso los trabajadores de sectores de alto riesgo no siempre saben qu\u00e9 hacer en estas situaciones. Si te encuentras en esta situaci\u00f3n, puede que te preguntes qu\u00e9 hacer. Sin embargo, tal vez no te des cuenta de que, si no das los [&hellip;]<\/p>\n","protected":false},"author":13,"featured_media":0,"parent":0,"menu_order":0,"comment_status":"closed","ping_status":"closed","template":"","meta":{"_acf_changed":false,"footnotes":""},"class_list":["post-13267","page","type-page","status-publish","hentry"],"acf":[],"yoast_head":"<!-- This site is optimized with the Yoast SEO plugin v27.3 - https:\/\/yoast.com\/product\/yoast-seo-wordpress\/ -->\n<title>Conoce los 5 Principales Errores que Comete la Gente Despu\u00e9s de Sufrir una Lesi\u00f3n Laboral<\/title>\n<meta name=\"description\" content=\"Si te encuentras en esta situaci\u00f3n, puede que te preguntes qu\u00e9 hacer. Conoce cu\u00e1les son los errores m\u00e1s comunes que comete la gente despu\u00e9s de sufrir una lesi\u00f3n laboral.\" \/>\n<meta name=\"robots\" content=\"index, follow, max-snippet:-1, max-image-preview:large, max-video-preview:-1\" \/>\n<link rel=\"canonical\" href=\"https:\/\/www.sternberglawoffice.com\/espanol\/los-5-principales-errores-que-comete-la-gente-despues-de-sufrir-una-lesion-laboral\/\" \/>\n<meta property=\"og:locale\" content=\"en_US\" \/>\n<meta property=\"og:type\" content=\"article\" \/>\n<meta property=\"og:title\" content=\"Conoce los 5 Principales Errores que Comete la Gente Despu\u00e9s de Sufrir una Lesi\u00f3n Laboral\" \/>\n<meta property=\"og:description\" content=\"Si te encuentras en esta situaci\u00f3n, puede que te preguntes qu\u00e9 hacer. Conoce cu\u00e1les son los errores m\u00e1s comunes que comete la gente despu\u00e9s de sufrir una lesi\u00f3n laboral.\" \/>\n<meta property=\"og:url\" content=\"https:\/\/www.sternberglawoffice.com\/espanol\/los-5-principales-errores-que-comete-la-gente-despues-de-sufrir-una-lesion-laboral\/\" \/>\n<meta property=\"og:site_name\" content=\"Sternberg | Forsythe, P.A.\" \/>\n<meta property=\"article:modified_time\" content=\"2022-11-25T09:28:28+00:00\" \/>\n<meta name=\"twitter:card\" content=\"summary_large_image\" \/>\n<meta name=\"twitter:label1\" content=\"Est. reading time\" \/>\n\t<meta name=\"twitter:data1\" content=\"5 minutes\" \/>\n<script type=\"application\/ld+json\" class=\"yoast-schema-graph\">{\"@context\":\"https:\\\/\\\/schema.org\",\"@graph\":[{\"@type\":\"WebPage\",\"@id\":\"https:\\\/\\\/www.sternberglawoffice.com\\\/espanol\\\/los-5-principales-errores-que-comete-la-gente-despues-de-sufrir-una-lesion-laboral\\\/\",\"url\":\"https:\\\/\\\/www.sternberglawoffice.com\\\/espanol\\\/los-5-principales-errores-que-comete-la-gente-despues-de-sufrir-una-lesion-laboral\\\/\",\"name\":\"Conoce los 5 Principales Errores que Comete la Gente Despu\u00e9s de Sufrir una Lesi\u00f3n Laboral\",\"isPartOf\":{\"@id\":\"https:\\\/\\\/www.sternberglawoffice.com\\\/espanol\\\/#website\"},\"datePublished\":\"2022-06-03T06:31:23+00:00\",\"dateModified\":\"2022-11-25T09:28:28+00:00\",\"description\":\"Si te encuentras en esta situaci\u00f3n, puede que te preguntes qu\u00e9 hacer. Conoce cu\u00e1les son los errores m\u00e1s comunes que comete la gente despu\u00e9s de sufrir una lesi\u00f3n laboral.\",\"inLanguage\":\"en-US\",\"potentialAction\":[{\"@type\":\"ReadAction\",\"target\":[\"https:\\\/\\\/www.sternberglawoffice.com\\\/espanol\\\/los-5-principales-errores-que-comete-la-gente-despues-de-sufrir-una-lesion-laboral\\\/\"]}]},{\"@type\":\"WebSite\",\"@id\":\"https:\\\/\\\/www.sternberglawoffice.com\\\/espanol\\\/#website\",\"url\":\"https:\\\/\\\/www.sternberglawoffice.com\\\/espanol\\\/\",\"name\":\"Sternberg | Forsythe, P.A.\",\"description\":\"Just another Sternberg | Forsythe, P.A. Sites site\",\"potentialAction\":[{\"@type\":\"SearchAction\",\"target\":{\"@type\":\"EntryPoint\",\"urlTemplate\":\"https:\\\/\\\/www.sternberglawoffice.com\\\/espanol\\\/?s={search_term_string}\"},\"query-input\":{\"@type\":\"PropertyValueSpecification\",\"valueRequired\":true,\"valueName\":\"search_term_string\"}}],\"inLanguage\":\"en-US\"}]}<\/script>\n<!-- \/ Yoast SEO plugin. -->","yoast_head_json":{"title":"Conoce los 5 Principales Errores que Comete la Gente Despu\u00e9s de Sufrir una Lesi\u00f3n Laboral","description":"Si te encuentras en esta situaci\u00f3n, puede que te preguntes qu\u00e9 hacer. Conoce cu\u00e1les son los errores m\u00e1s comunes que comete la gente despu\u00e9s de sufrir una lesi\u00f3n laboral.","robots":{"index":"index","follow":"follow","max-snippet":"max-snippet:-1","max-image-preview":"max-image-preview:large","max-video-preview":"max-video-preview:-1"},"canonical":"https:\/\/www.sternberglawoffice.com\/espanol\/los-5-principales-errores-que-comete-la-gente-despues-de-sufrir-una-lesion-laboral\/","og_locale":"en_US","og_type":"article","og_title":"Conoce los 5 Principales Errores que Comete la Gente Despu\u00e9s de Sufrir una Lesi\u00f3n Laboral","og_description":"Si te encuentras en esta situaci\u00f3n, puede que te preguntes qu\u00e9 hacer. Conoce cu\u00e1les son los errores m\u00e1s comunes que comete la gente despu\u00e9s de sufrir una lesi\u00f3n laboral.","og_url":"https:\/\/www.sternberglawoffice.com\/espanol\/los-5-principales-errores-que-comete-la-gente-despues-de-sufrir-una-lesion-laboral\/","og_site_name":"Sternberg | Forsythe, P.A.","article_modified_time":"2022-11-25T09:28:28+00:00","twitter_card":"summary_large_image","twitter_misc":{"Est. reading time":"5 minutes"},"schema":{"@context":"https:\/\/schema.org","@graph":[{"@type":"WebPage","@id":"https:\/\/www.sternberglawoffice.com\/espanol\/los-5-principales-errores-que-comete-la-gente-despues-de-sufrir-una-lesion-laboral\/","url":"https:\/\/www.sternberglawoffice.com\/espanol\/los-5-principales-errores-que-comete-la-gente-despues-de-sufrir-una-lesion-laboral\/","name":"Conoce los 5 Principales Errores que Comete la Gente Despu\u00e9s de Sufrir una Lesi\u00f3n Laboral","isPartOf":{"@id":"https:\/\/www.sternberglawoffice.com\/espanol\/#website"},"datePublished":"2022-06-03T06:31:23+00:00","dateModified":"2022-11-25T09:28:28+00:00","description":"Si te encuentras en esta situaci\u00f3n, puede que te preguntes qu\u00e9 hacer. Conoce cu\u00e1les son los errores m\u00e1s comunes que comete la gente despu\u00e9s de sufrir una lesi\u00f3n laboral.","inLanguage":"en-US","potentialAction":[{"@type":"ReadAction","target":["https:\/\/www.sternberglawoffice.com\/espanol\/los-5-principales-errores-que-comete-la-gente-despues-de-sufrir-una-lesion-laboral\/"]}]},{"@type":"WebSite","@id":"https:\/\/www.sternberglawoffice.com\/espanol\/#website","url":"https:\/\/www.sternberglawoffice.com\/espanol\/","name":"Sternberg | Forsythe, P.A.","description":"Just another Sternberg | Forsythe, P.A. Sites site","potentialAction":[{"@type":"SearchAction","target":{"@type":"EntryPoint","urlTemplate":"https:\/\/www.sternberglawoffice.com\/espanol\/?s={search_term_string}"},"query-input":{"@type":"PropertyValueSpecification","valueRequired":true,"valueName":"search_term_string"}}],"inLanguage":"en-US"}]}},"_links":{"self":[{"href":"https:\/\/www.sternberglawoffice.com\/espanol\/wp-json\/wp\/v2\/pages\/13267","targetHints":{"allow":["GET"]}}],"collection":[{"href":"https:\/\/www.sternberglawoffice.com\/espanol\/wp-json\/wp\/v2\/pages"}],"about":[{"href":"https:\/\/www.sternberglawoffice.com\/espanol\/wp-json\/wp\/v2\/types\/page"}],"author":[{"embeddable":true,"href":"https:\/\/www.sternberglawoffice.com\/espanol\/wp-json\/wp\/v2\/users\/13"}],"replies":[{"embeddable":true,"href":"https:\/\/www.sternberglawoffice.com\/espanol\/wp-json\/wp\/v2\/comments?post=13267"}],"version-history":[{"count":0,"href":"https:\/\/www.sternberglawoffice.com\/espanol\/wp-json\/wp\/v2\/pages\/13267\/revisions"}],"wp:attachment":[{"href":"https:\/\/www.sternberglawoffice.com\/espanol\/wp-json\/wp\/v2\/media?parent=13267"}],"curies":[{"name":"wp","href":"https:\/\/api.w.org\/{rel}","templated":true}]}}