{"id":13257,"date":"2022-06-03T02:02:29","date_gmt":"2022-06-03T06:02:29","guid":{"rendered":"https:\/\/sternbergnew.wpengine.com\/?page_id=13257"},"modified":"2023-10-18T13:20:07","modified_gmt":"2023-10-18T13:20:07","slug":"como-se-le-paga-a-un-abogado-de-indemnizacion-laboral-de-boca-raton","status":"publish","type":"page","link":"https:\/\/www.sternberglawoffice.com\/espanol\/como-se-le-paga-a-un-abogado-de-indemnizacion-laboral-de-boca-raton\/","title":{"rendered":"\u00bfC\u00f3mo se le Paga a un Abogado de Indemnizaci\u00f3n Laboral de Boca Rat\u00f3n?"},"content":{"rendered":"<p>Si contratas los servicios de un abogado de indemnizaci\u00f3n laboral en Boca Rat\u00f3n, te preguntar\u00e1s: \u00bfC\u00f3mo ganan dinero? Despu\u00e9s de todo, puedes contratarlos sin pagar nada por adelantado, as\u00ed que \u00bfC\u00f3mo se les paga?<\/p>\n<p>En <a href=\"https:\/\/www.sternberglawoffice.com\/\">Sternberg Forsythe, P.A.<\/a>, estamos aqu\u00ed para responder a esta pregunta y dar un poco de informaci\u00f3n sobre el funcionamiento interno de nuestro bufete de abogados.<\/p>\n<p>En Florida existe un <a href=\"https:\/\/www.sternberglawoffice.com\/does-the-florida-workers-compensation-system-work\/\">sistema de indemnizaci\u00f3n laboral<\/a>, y la ley obliga a los empresarios a asegurar a los empleados contra las enfermedades y lesiones en el trabajo. El seguro contratado cubrir\u00e1 todos los salarios perdidos y los gastos m\u00e9dicos relacionados con la enfermedad o lesi\u00f3n en el trabajo.<\/p>\n<p>En la mayor\u00eda de las situaciones, recuperar <a href=\"https:\/\/www.sternberglawoffice.com\/a-quick-guide-to-estimating-workers-compensation-benefits\/\">\u00a0los beneficios de la indemnizaci\u00f3n laboral <\/a>es simple y directo. Sin embargo, hay algunas situaciones en las que se complica. En estos casos, nuestro equipo est\u00e1 aqu\u00ed y listo para ayudar.<\/p>\n<p>Sin embargo, la verdad es que algunos empleados lesionados no est\u00e1n seguros de que <a href=\"https:\/\/www.sternberglawoffice.com\/how-does-a-workers-compensation-lawyer-help-me\/\">deban contratar a un abogado<\/a> para su caso. La raz\u00f3n principal es financiera. Ya est\u00e1n luchando financieramente, y, como resultado, est\u00e1n preocupados de que no ser\u00e1n capaces de cubrir el costo de la representaci\u00f3n legal de calidad.<\/p>\n<p>Esto no funciona as\u00ed. Sigue leyendo para saber m\u00e1s.<\/p>\n<h2>Los Fundamentos de los Acuerdos de Honorarios de Contingencia<\/h2>\n<p>Muchos <a href=\"https:\/\/www.sternberglawoffice.com\/florida\/workers-compensation-lawyer\/\">abogados de indemnizaci\u00f3n laboral <\/a>(como nosotros) reciben pagos en base a honorarios de contingencia. Esto significa que estamos de acuerdo s\u00f3lo para recibir un pago si tu caso es exitoso. Si esto sucede, el pago de nuestros servicios proviene de la cantidad de liquidaci\u00f3n que recibes en lugar de salir de tu bolsillo. Si el caso no tiene \u00e9xito, el pago no es necesario.<\/p>\n<p>Es importante entender que, independientemente del resultado del caso legal, habr\u00e1 otros expedientes que son responsabilidad del cliente. Un ejemplo son los honorarios de los abogados. Con un acuerdo de honorarios de contingencia, los honorarios de los abogados se fijan en una cantidad espec\u00edfica de porcentaje que vamos a discutir al tomar su caso.<\/p>\n<p>Debido a la configuraci\u00f3n de estos acuerdos, los abogados son alentados a dar lo mejor de s\u00ed mismos en el caso, ya que lo que reciben como pago depende del resultado del caso.<\/p>\n<h2>L\u00edmites de los Honorarios de los Abogados de Indemnizaci\u00f3n Laboral en Florida<\/h2>\n<p>Contratar a un abogado suele ser caro; esto es un hecho conocido. Sin embargo, aunque este es el caso de otras \u00e1reas de la ley, no es la situaci\u00f3n con una reclamaci\u00f3n de indemnizaci\u00f3n laboral &#8211; especialmente en la Florida.<\/p>\n<p>Si es m\u00e1s asequible contratar a un abogado de indemnizaci\u00f3n laboral. Esto se debe a que el estado de Florida (y algunos otros) limitan lo que te pueden cobrar.<\/p>\n<p>La <a href=\"https:\/\/www.floridabar.org\/the-florida-bar-news\/court-strikes-fees-limits-in-wc-cases\/\">Ley de Indemnizaci\u00f3n Laboral de Florida <\/a>ha establecido los honorarios m\u00e1ximos que pueden cobrar los abogados.<\/p>\n<p>Los cargos permitidosincluyen:<\/p>\n<ul>\n<li>M\u00e1ximo del 20% para los 5.000 d\u00f3lares iniciales<\/li>\n<li>M\u00e1ximo del 15% para los siguientes 5.000 d\u00f3lares<\/li>\n<li>Un m\u00e1ximo del 10% del resto del importe de la indemnizaci\u00f3n. El dinero debe pagarse en el plazo de una d\u00e9cada desde la presentaci\u00f3n de la reclamaci\u00f3n inicial.<\/li>\n<li>Se garantiza un m\u00e1ximo del cinco por ciento de la liquidaci\u00f3n total despu\u00e9s de 10 a\u00f1os.<\/li>\n<\/ul>\n<p>Adem\u00e1s, la ley establece que no se pagar\u00e1n honorarios a un abogado a menos que el juez que preside el caso o que tiene jurisdicci\u00f3n lo apruebe. Adem\u00e1s, el juez no puede autorizar cantidades superiores a las indicadas anteriormente.<\/p>\n<p>Debido a que Florida ha puesto un l\u00edmite a lo que los <a href=\"https:\/\/www.sternberglawoffice.com\/workers-compensation-lawyer-get-paid-florida\/\">abogados de indemnizaci\u00f3n laboral pueden cobrar<\/a>, normalmente cobran esta cantidad m\u00e1xima. Sin embargo, lo que muchos clientes no saben es que estas tarifas son negociables. Adem\u00e1s, un abogado s\u00f3lo puede facturar por los beneficios que trabajan para ayudarle a asegurar.<\/p>\n<h2>\u00bfQui\u00e9n es el Responsable de Pagar al Abogado de Indemnizaci\u00f3n Laboral que tu Contratas?<\/h2>\n<p>Seg\u00fan la ley de Florida, el demandante es el responsable de pagar los honorarios del abogado. Por lo general, los abogados recibir\u00e1n el<a href=\"https:\/\/www.sternberglawoffice.com\/workers-compensation-settlements-florida\/\"> pago del dinero del acuerdo que reciba<\/a>\u00a0y no de su cartera.<\/p>\n<p>Si bien esto es cierto, hay situaciones en las que el empleador o incluso la compa\u00f1\u00eda de seguros de indemnizaci\u00f3n laboral cubrir\u00e1 los honorarios del abogado. Algunas de las situaciones en las que esto se aplica incluyen:<\/p>\n<ul>\n<li>El empresario neg\u00f3 inicialmente que el accidente hubiera tenido lugar.<\/li>\n<li>La compa\u00f1\u00eda de seguros o el empleador present\u00f3 una respuesta a su petici\u00f3n y deneg\u00f3 las prestaciones a trav\u00e9s de la Oficina del Juez de Reclamaciones de Indemnizaci\u00f3n.<\/li>\n<li>Tu empleador solicit\u00f3 una modificaci\u00f3n o revisi\u00f3n de tu indemnizaci\u00f3n, reclamo o adjudicaci\u00f3n.<\/li>\n<\/ul>\n<h2>Contrata a Nuestro Equipo Legal para que te ayude con tu Reclamo de Indemnizaci\u00f3n Laboral<\/h2>\n<p>Como puedes ver en la informaci\u00f3n anterior, en la mayor\u00eda de los casos, no ser\u00e1s responsable de pagar a tu abogado de indemnizaci\u00f3n laboral de tu propio bolsillo. En cambio, los honorarios y el pago provendr\u00e1n del acuerdo que reciba por la <a href=\"https:\/\/www.sternberglawoffice.com\/florida-workers-compensation-claims-process\/\">reclamaci\u00f3n de indemnizaci\u00f3n laboral<\/a>. Esto significa que incluso si tienes problemas financieros debido a tu accidente de trabajo, todav\u00eda puedes retener una representaci\u00f3n legal de calidad y con experiencia. Si has sido lesionado en el trabajo y necesitas ayuda con tu caso, te animamos a que te pongas <a href=\"https:\/\/www.sternberglawoffice.com\/contact-us\/\">en contacto con nosotros<\/a> hoy mismo.<\/p>\n","protected":false},"excerpt":{"rendered":"<p>Si contratas los servicios de un abogado de indemnizaci\u00f3n laboral en Boca Rat\u00f3n, te preguntar\u00e1s: \u00bfC\u00f3mo ganan dinero? Despu\u00e9s de todo, puedes contratarlos sin pagar nada por adelantado, as\u00ed que \u00bfC\u00f3mo se les paga? En Sternberg Forsythe, P.A., estamos aqu\u00ed para responder a esta pregunta y dar un poco de informaci\u00f3n sobre el funcionamiento interno [&hellip;]<\/p>\n","protected":false},"author":13,"featured_media":0,"parent":0,"menu_order":0,"comment_status":"closed","ping_status":"closed","template":"","meta":{"_acf_changed":false,"footnotes":""},"class_list":["post-13257","page","type-page","status-publish","hentry"],"acf":[],"yoast_head":"<!-- This site is optimized with the Yoast SEO plugin v27.3 - https:\/\/yoast.com\/product\/yoast-seo-wordpress\/ -->\n<title>\u00bfC\u00f3mo se le Paga a un Abogado de Indemnizaci\u00f3n Laboral en Boca Rat\u00f3n?<\/title>\n<meta name=\"description\" content=\"\u00bfC\u00f3mo se le paga a un abogado de indemnizaci\u00f3n laboral de Boca Rat\u00f3n? Estamos aqu\u00ed para responder a esta pregunta y dar un poco de informaci\u00f3n sobre el funcionamiento interno de nuestro bufete de abogados.\" \/>\n<meta name=\"robots\" content=\"index, follow, max-snippet:-1, max-image-preview:large, max-video-preview:-1\" \/>\n<link rel=\"canonical\" href=\"https:\/\/www.sternberglawoffice.com\/espanol\/como-se-le-paga-a-un-abogado-de-indemnizacion-laboral-de-boca-raton\/\" \/>\n<meta property=\"og:locale\" content=\"en_US\" \/>\n<meta property=\"og:type\" content=\"article\" \/>\n<meta property=\"og:title\" content=\"\u00bfC\u00f3mo se le Paga a un Abogado de Indemnizaci\u00f3n Laboral en Boca Rat\u00f3n?\" \/>\n<meta property=\"og:description\" content=\"\u00bfC\u00f3mo se le paga a un abogado de indemnizaci\u00f3n laboral de Boca Rat\u00f3n? Estamos aqu\u00ed para responder a esta pregunta y dar un poco de informaci\u00f3n sobre el funcionamiento interno de nuestro bufete de abogados.\" \/>\n<meta property=\"og:url\" content=\"https:\/\/www.sternberglawoffice.com\/espanol\/como-se-le-paga-a-un-abogado-de-indemnizacion-laboral-de-boca-raton\/\" \/>\n<meta property=\"og:site_name\" content=\"Sternberg | Forsythe, P.A.\" \/>\n<meta property=\"article:modified_time\" content=\"2023-10-18T13:20:07+00:00\" \/>\n<meta name=\"twitter:card\" content=\"summary_large_image\" \/>\n<meta name=\"twitter:label1\" content=\"Est. reading time\" \/>\n\t<meta name=\"twitter:data1\" content=\"4 minutes\" \/>\n<script type=\"application\/ld+json\" class=\"yoast-schema-graph\">{\"@context\":\"https:\\\/\\\/schema.org\",\"@graph\":[{\"@type\":\"WebPage\",\"@id\":\"https:\\\/\\\/www.sternberglawoffice.com\\\/espanol\\\/como-se-le-paga-a-un-abogado-de-indemnizacion-laboral-de-boca-raton\\\/\",\"url\":\"https:\\\/\\\/www.sternberglawoffice.com\\\/espanol\\\/como-se-le-paga-a-un-abogado-de-indemnizacion-laboral-de-boca-raton\\\/\",\"name\":\"\u00bfC\u00f3mo se le Paga a un Abogado de Indemnizaci\u00f3n Laboral en Boca Rat\u00f3n?\",\"isPartOf\":{\"@id\":\"https:\\\/\\\/www.sternberglawoffice.com\\\/espanol\\\/#website\"},\"datePublished\":\"2022-06-03T06:02:29+00:00\",\"dateModified\":\"2023-10-18T13:20:07+00:00\",\"description\":\"\u00bfC\u00f3mo se le paga a un abogado de indemnizaci\u00f3n laboral de Boca Rat\u00f3n? Estamos aqu\u00ed para responder a esta pregunta y dar un poco de informaci\u00f3n sobre el funcionamiento interno de nuestro bufete de abogados.\",\"inLanguage\":\"en-US\",\"potentialAction\":[{\"@type\":\"ReadAction\",\"target\":[\"https:\\\/\\\/www.sternberglawoffice.com\\\/espanol\\\/como-se-le-paga-a-un-abogado-de-indemnizacion-laboral-de-boca-raton\\\/\"]}]},{\"@type\":\"WebSite\",\"@id\":\"https:\\\/\\\/www.sternberglawoffice.com\\\/espanol\\\/#website\",\"url\":\"https:\\\/\\\/www.sternberglawoffice.com\\\/espanol\\\/\",\"name\":\"Sternberg | Forsythe, P.A.\",\"description\":\"Just another Sternberg | Forsythe, P.A. Sites site\",\"potentialAction\":[{\"@type\":\"SearchAction\",\"target\":{\"@type\":\"EntryPoint\",\"urlTemplate\":\"https:\\\/\\\/www.sternberglawoffice.com\\\/espanol\\\/?s={search_term_string}\"},\"query-input\":{\"@type\":\"PropertyValueSpecification\",\"valueRequired\":true,\"valueName\":\"search_term_string\"}}],\"inLanguage\":\"en-US\"}]}<\/script>\n<!-- \/ Yoast SEO plugin. -->","yoast_head_json":{"title":"\u00bfC\u00f3mo se le Paga a un Abogado de Indemnizaci\u00f3n Laboral en Boca Rat\u00f3n?","description":"\u00bfC\u00f3mo se le paga a un abogado de indemnizaci\u00f3n laboral de Boca Rat\u00f3n? Estamos aqu\u00ed para responder a esta pregunta y dar un poco de informaci\u00f3n sobre el funcionamiento interno de nuestro bufete de abogados.","robots":{"index":"index","follow":"follow","max-snippet":"max-snippet:-1","max-image-preview":"max-image-preview:large","max-video-preview":"max-video-preview:-1"},"canonical":"https:\/\/www.sternberglawoffice.com\/espanol\/como-se-le-paga-a-un-abogado-de-indemnizacion-laboral-de-boca-raton\/","og_locale":"en_US","og_type":"article","og_title":"\u00bfC\u00f3mo se le Paga a un Abogado de Indemnizaci\u00f3n Laboral en Boca Rat\u00f3n?","og_description":"\u00bfC\u00f3mo se le paga a un abogado de indemnizaci\u00f3n laboral de Boca Rat\u00f3n? Estamos aqu\u00ed para responder a esta pregunta y dar un poco de informaci\u00f3n sobre el funcionamiento interno de nuestro bufete de abogados.","og_url":"https:\/\/www.sternberglawoffice.com\/espanol\/como-se-le-paga-a-un-abogado-de-indemnizacion-laboral-de-boca-raton\/","og_site_name":"Sternberg | Forsythe, P.A.","article_modified_time":"2023-10-18T13:20:07+00:00","twitter_card":"summary_large_image","twitter_misc":{"Est. reading time":"4 minutes"},"schema":{"@context":"https:\/\/schema.org","@graph":[{"@type":"WebPage","@id":"https:\/\/www.sternberglawoffice.com\/espanol\/como-se-le-paga-a-un-abogado-de-indemnizacion-laboral-de-boca-raton\/","url":"https:\/\/www.sternberglawoffice.com\/espanol\/como-se-le-paga-a-un-abogado-de-indemnizacion-laboral-de-boca-raton\/","name":"\u00bfC\u00f3mo se le Paga a un Abogado de Indemnizaci\u00f3n Laboral en Boca Rat\u00f3n?","isPartOf":{"@id":"https:\/\/www.sternberglawoffice.com\/espanol\/#website"},"datePublished":"2022-06-03T06:02:29+00:00","dateModified":"2023-10-18T13:20:07+00:00","description":"\u00bfC\u00f3mo se le paga a un abogado de indemnizaci\u00f3n laboral de Boca Rat\u00f3n? Estamos aqu\u00ed para responder a esta pregunta y dar un poco de informaci\u00f3n sobre el funcionamiento interno de nuestro bufete de abogados.","inLanguage":"en-US","potentialAction":[{"@type":"ReadAction","target":["https:\/\/www.sternberglawoffice.com\/espanol\/como-se-le-paga-a-un-abogado-de-indemnizacion-laboral-de-boca-raton\/"]}]},{"@type":"WebSite","@id":"https:\/\/www.sternberglawoffice.com\/espanol\/#website","url":"https:\/\/www.sternberglawoffice.com\/espanol\/","name":"Sternberg | Forsythe, P.A.","description":"Just another Sternberg | Forsythe, P.A. Sites site","potentialAction":[{"@type":"SearchAction","target":{"@type":"EntryPoint","urlTemplate":"https:\/\/www.sternberglawoffice.com\/espanol\/?s={search_term_string}"},"query-input":{"@type":"PropertyValueSpecification","valueRequired":true,"valueName":"search_term_string"}}],"inLanguage":"en-US"}]}},"_links":{"self":[{"href":"https:\/\/www.sternberglawoffice.com\/espanol\/wp-json\/wp\/v2\/pages\/13257","targetHints":{"allow":["GET"]}}],"collection":[{"href":"https:\/\/www.sternberglawoffice.com\/espanol\/wp-json\/wp\/v2\/pages"}],"about":[{"href":"https:\/\/www.sternberglawoffice.com\/espanol\/wp-json\/wp\/v2\/types\/page"}],"author":[{"embeddable":true,"href":"https:\/\/www.sternberglawoffice.com\/espanol\/wp-json\/wp\/v2\/users\/13"}],"replies":[{"embeddable":true,"href":"https:\/\/www.sternberglawoffice.com\/espanol\/wp-json\/wp\/v2\/comments?post=13257"}],"version-history":[{"count":0,"href":"https:\/\/www.sternberglawoffice.com\/espanol\/wp-json\/wp\/v2\/pages\/13257\/revisions"}],"wp:attachment":[{"href":"https:\/\/www.sternberglawoffice.com\/espanol\/wp-json\/wp\/v2\/media?parent=13257"}],"curies":[{"name":"wp","href":"https:\/\/api.w.org\/{rel}","templated":true}]}}